 the prime factors of 111327250.
2, 5, 101, 4409
What are the prime factors of 1177535212?
2, 7, 37, 1136617
What are the prime factors of 246820311?
3, 53, 173, 997
List the prime factors of 897993320.
2, 5, 7, 3207119
List the prime factors of 55895399.
7, 43, 185699
List the prime factors of 35625164.
2, 8906291
What are the prime factors of 63799083?
3, 281, 2803
What are the prime factors of 1669392061?
17, 98199533
List the prime factors of 2176111518.
2, 3, 7, 71, 729749
What are the prime factors of 246904067?
89, 2774203
What are the prime factors of 166294204?
2, 17, 193, 12671
What are the prime factors of 41539503?
3, 1583, 8747
What are the prime factors of 860103355?
5, 17, 61, 165883
What are the prime factors of 30499651?
7, 13, 335161
List the prime factors of 15818052.
2, 3, 281, 4691
List the prime factors of 151141426.
2, 75570713
List the prime factors of 115185719.
11, 157, 66697
What are the prime factors of 4096515673?
4096515673
What are the prime factors of 12254072?
2, 73, 20983
What are the prime factors of 194788955?
5, 23, 1693817
List the prime factors of 93769806.
2, 3, 13, 173, 6949
List the prime factors of 1528876533.
3, 509625511
What are the prime factors of 504681683?
11, 193, 21611
What are the prime factors of 764161853?
7, 13, 71, 118273
List the prime factors of 39168007.
53, 499, 1481
What are the prime factors of 6669251914?
2, 13, 256509689
List the prime factors of 50303621.
19, 2647559
List the prime factors of 75128439.
3, 43, 582391
List the prime factors of 20770482.
2, 3, 71, 48757
List the prime factors of 135264898.
2, 163, 414923
What are the prime factors of 297682100?
2, 5, 23, 29, 4463
List the prime factors of 763850765.
5, 9839, 15527
List the prime factors of 563192361.
3, 103, 541, 1123
What are the prime factors of 60672365?
5, 13, 933421
List the prime factors of 755704144.
2, 13, 3633193
List the prime factors of 32173357.
139, 231463
What are the prime factors of 83716160?
2, 5, 11, 17, 1399
List the prime factors of 460026173.
1861, 247193
List the prime factors of 74811259.
2029, 36871
List the prime factors of 36142540.
2, 5, 7, 258161
List the prime factors of 589269521.
17, 59, 149, 3943
List the prime factors of 552919292.
2, 138229823
What are the prime factors of 3748167?
3, 138821
List the prime factors of 62788318.
2, 31394159
What are the prime factors of 318763322?
2, 159381661
List the prime factors of 1182068409.
3, 31, 43, 295591
List the prime factors of 661333973.
23, 71, 404981
What are the prime factors of 519449512?
2, 19, 37, 92363
List the prime factors of 40073059.
13, 3082543
What are the prime factors of 1853703245?
5, 370740649
What are the prime factors of 16202924?
2, 4050731
What are the prime factors of 125324676?
2, 3, 3481241
List the prime factors of 713383911.
3, 79264879
What are the prime factors of 3571988?
2, 7, 29, 53, 83
List the prime factors of 1736481510.
2, 3, 5, 59, 61, 1787
What are the prime factors of 162853265?
5, 32570653
List the prime factors of 2240250455.
5, 41, 953, 11467
What are the prime factors of 8014273493?
3413, 2348161
What are the prime factors of 530875408?
2, 7, 37, 18301
What are the prime factors of 39752016?
2, 3, 127, 6521
List the prime factors of 52840950.
2, 3, 5, 352273
List the prime factors of 53430316.
2, 97, 137707
List the prime factors of 216508450.
2, 5, 4330169
What are the prime factors of 618257564?
2, 17, 467, 19469
List the prime factors of 1083396679.
1083396679
What are the prime factors of 250115277?
3, 83371759
List the prime factors of 92346794.
2, 23, 2007539
What are the prime factors of 1124246760?
2, 3, 5, 7, 13, 102953
What are the prime factors of 845091115?
5, 11, 15365293
What are the prime factors of 4556882786?
2, 24631, 92503
List the prime factors of 11213645.
5, 2242729
List the prime factors of 99792925.
5, 3991717
What are the prime factors of 336941909?
193, 1745813
What are the prime factors of 33963125?
5, 7, 1109
What are the prime factors of 3290804005?
5, 23, 773, 37019
What are the prime factors of 5660510669?
11, 43, 11967253
What are the prime factors of 671031117?
3, 74559013
List the prime factors of 45780724.
2, 11, 43, 24197
List the prime factors of 177362540.
2, 5, 113, 78479
List the prime factors of 72835536.
2, 3, 37, 41011
What are the prime factors of 55268480?
2, 5, 86357
List the prime factors of 39513293.
19, 2079647
What are the prime factors of 1113045005?
5, 1901, 117101
What are the prime factors of 144181957?
127, 1135291
List the prime factors of 20134971.
3, 2237219
List the prime factors of 33399992.
2, 43, 151, 643
What are the prime factors of 17588555?
5, 653, 5387
List the prime factors of 48054084.
2, 3, 13, 23, 59, 227
List the prime factors of 2819427453.
3, 104423239
What are the prime factors of 119013066?
2, 3, 151, 43787
List the prime factors of 23708698.
2, 13, 911873
List the prime factors of 326001094.
2, 2903, 56149
List the prime factors of 17827084.
2, 11, 17, 23833
What are the prime factors of 6074232315?
3, 5, 404948821
What are the prime factors of 866933323?
1451, 597473
What are the prime factors of 311724696?
2, 3, 12988529
List the prime factors of 8398068238.
2, 7, 17, 35286001
What are the prime factors of 29380860?
2, 3, 5, 54409
List the prime factors of 1086929817.
3, 362309939
What are the prime factors of 200571765?
3, 5, 13371451
What are the prime factors of 20739252?
2, 3, 17, 101663
What are the prime factors of 76073587?
19, 4003873
List the prime factors of 3524371192.
2, 199, 719, 3079
What are the prime factors of 391252214?
2, 195626107
List the prime factors of 1900041735.
3, 5, 139, 911291
What are the prime factors of 115361854?
2, 103, 227, 2467
What are the prime factors of 42259503?
3, 11, 13, 98507
What are the prime factors of 6565531304?
2, 37, 173, 128213
What are the prime factors of 578644272?
2, 3, 4018363
What are the prime factors of 26057037?
3, 19, 67, 6823
List the prime factors of 57536150.
2, 5, 7, 43, 3823
List the prime factors of 399111086.
2, 11, 18141413
What are the prime factors of 172102801?
13, 13238677
List the prime factors of 30447657.
3, 125299
List the prime factors of 61702738.
2, 30851369
List the prime factors of 158029631.
19, 313, 26573
List the prime factors of 147419383.
29, 193, 26339
What are the prime factors of 2896638842?
2, 29, 43, 1161443
What are the prime factors of 133095988?
2, 19, 1217, 1439
List the prime factors of 53711739.
3, 23, 313, 829
List the prime factors of 167265886.
2, 83632943
List the prime factors of 9977497.
1481, 6737
List the prime factors of 779785520.
2, 5, 2543, 3833
List the prime factors of 956769440.
2, 5, 11, 41, 13259
What are the prime factors of 48245092?
2, 7, 67, 25717
What are the prime factors of 188302442?
2, 1483, 63487
What are the prime factors of 107001733?
107001733
List the prime factors of 830001667.
11, 23, 3280639
List the prime factors of 61315930.
2, 5, 13, 23, 20507
List the prime factors of 1471726205.
5, 294345241
What are the prime factors of 67147227?
3, 7, 1065829
List the prime factors of 1129779616.
2, 7, 107, 47137
What are the prime factors of 17423998?
2, 59, 147661
What are the prime factors of 538797677?
11, 17, 2881271
List the prime factors of 387945408.
2, 3, 31, 65179
List the prime factors of 168185674.
2, 29, 2899753
List the prime factors of 113772968.
2, 67, 233, 911
What are the prime factors of 103941612?
2, 3, 1423, 2029
List the prime factors of 1784683770.
2, 3, 5, 409, 145451
List the prime factors of 395588.
2, 98897
List the prime factors of 3350345.
5, 43, 15583
What are the prime factors of 5752202351?
7, 281, 2924353
List the prime factors of 10234355.
5, 2046871
List the prime factors of 73964113.
23, 157, 20483
What are the prime factors of 1278255655?
5, 569, 449299
List the prime factors of 35759046.
2, 3, 197, 30253
What are the prime factors of 573205734?
2, 3, 3538307
List the prime factors of 79863326.
2, 41, 101, 9643
What are the prime factors of 22193277?
3, 2237, 3307
What are the prime factors of 2764411821?
3, 19, 37, 43, 1129
List the prime factors of 2960683522.
2, 1031, 1435831
What are the prime factors of 853195322?
2, 7, 41, 1486403
What are the prime 